base 14?
74456
What is -4211754 (base 9) in base 11?
-12a8872
415d8b (base 14) to base 8
10324627
Convert -215554021 (base 6) to base 8.
-16745535
What is 110201200222021 (base 3) in base 15?
8d971a
Convert 136545 (base 8) to base 7.
261233
What is -1635444 (base 10) in base 6?
-55015300
What is 5040344 (base 7) in base 5?
123114103
66224 (base 8) to base 13
c862
Convert 1348e (base 16) to base 5.
10011430
What is -1022500 (base 7) in base 14?
-32d70
110121010 (base 5) to base 12
1a9a5b
Convert -26463 (base 8) to base 6.
-125323
What is 3aa525 (base 14) in base 10?
2026085
Convert -170d9 (base 14) to base 7.
-330362
-1b2bb1 (base 12) to base 3
-220111022121
-276411 (base 8) to base 3
-11221210210
What is -133413531 (base 6) in base 15?
-382c44
-b27e (base 15) to base 5
-2201234
384646 (base 12) to base 11
579409
Convert 106232651 (base 7) to base 14.
c17528
1201222201 (base 5) to base 9
5162883
What is 374192 (base 13) in base 2?
101000010111110000010
What is 20002001022 (base 3) in base 2?
11101001100100111
Convert -202111001 (base 3) to base 5.
-434212
-100110100011100011 (base 2) to base 13
-56b5c
-133a52 (base 13) to base 16
-719ac
Convert -31031232 (base 4) to base 8.
-151556
-177271 (base 8) to base 11
-44aa1
What is -137802 (base 13) in base 8?
-1635155
What is -5434885 (base 11) in base 7?
-144123215
What is 333201430 (base 6) in base 14?
b31278
What is -202221200000 (base 3) in base 14?
-aa3d1
Convert 390044 (base 12) to base 5.
214330142
What is -110221002010 (base 3) in base 15?
-50603
Convert 1422057 (base 8) to base 14.
a6967
What is 13432441 (base 5) in base 6?
2554550
-14111212 (base 6) to base 14
-c562c
1100011000011000110001 (base 2) to base 10
3245617
Convert 48411 (base 12) to base 3.
11221112211
Convert -8470ca (base 15) to base 2.
-11000000010011010000011
1100201010110 (base 3) to base 5
141110112
Convert 1d0cd (base 15) to base 5.
11012233
Convert -1021010220 (base 3) to base 5.
-1244031
Convert -338528 (base 11) to base 8.
-2033367
14427621 (base 8) to base 11
194706a
Convert -6053644 (base 9) to base 11.
-19023a9
Convert 21220211323 (base 4) to base 15.
34d4ad
What is 31230113 (base 9) in base 13?
315aa2b
What is 100000010101101011 (base 2) in base 5?
13214314
533316 (base 8) to base 9
300883
-1111010100000001100101 (base 2) to base 4
-33110001211
-3424561 (base 7) to base 10
-426637
Convert 7495d (base 15) to base 2.
1011010010101000100
-716802 (base 12) to base 5
-423232312
1deaae (base 15) to base 2
101100110001100011100
What is -1002020112201 (base 3) in base 12?
-23910a
1044041 (base 5) to base 14
6b1c
-125453235 (base 7) to base 6
-445105450
1767d (base 16) to base 7
546334
Convert -101010111010001101101 (base 2) to base 11.
-880438
What is -10001100010100100 (base 2) in base 11?
-49a83
Convert -13015533 (base 7) to base 10.
-1180875
What is -11442004 (base 5) in base 16?
-1a9cc
Convert 3aa1360 (base 11) to base 4.
122332321103
-16d189 (base 16) to base 10
-1495433
-10331422 (base 5) to base 12
-43a38
What is -12310032221 (base 4) in base 7?
-21121211
Convert -29038 (base 11) to base 15.
-c387
What is 307252 (base 8) in base 14?
2929c
Convert -201210010122220 (base 3) to base 12.
-3630180
10000111000111011 (base 2) to base 15
1576e
What is 2504100 (base 8) in base 4?
2220201000
38bfb9 (base 16) to base 9
6887570
Convert 100001100100111100001 (base 2) to base 10.
1100257
What is 1221212222 (base 3) in base 2?
1001011010011011
481a0 (base 13) to base 16
20417
What is 37432 (base 13) in base 4?
120312103
What is 36746 (base 10) in base 16?
8f8a
Convert 742310 (base 8) to base 9.
415716
22341 (base 7) to base 14
20c8
-652203 (base 9) to base 3
-201202020010
Convert -6715400 (base 9) to base 12.
-12626b3
22b545 (base 13) to base 5
202343102
What is 2303011131 (base 4) in base 2?
10110011000101011101
Convert 1052951 (base 13) to base 2.
10010111110101111101011
Convert 110220012002 (base 3) to base 4.
331332011
-53686 (base 15) to base 11
-170990
Convert -1201212021 (base 4) to base 13.
-10cc53
-17a1b7 (base 13) to base 9
-1104124
What is -10476653 (base 9) in base 13?
-1086900
16a172 (base 11) to base 2
1000000000100000111
What is 6041ae (base 15) in base 12?
164490b
What is -221122201111012 (base 3) in base 12?
-469664b
Convert -5541d (base 14) to base 11.
-131259
-32002331332 (base 4) to base 15
-4cb034
What is -14437721 (base 8) in base 10?
-3293137
Convert -2522335 (base 6) to base 4.
-201002303
Convert 494412 (base 11) to base 7.
6434166
86c882 (base 15) to base 10
6421172
-313441 (base 6) to base 10
-25441
Convert 25023252 (base 6) to base 12.
324b28
What is -995a47 (base 13) in base 4?
-31301230130
What is -10001010111111010111 (base 2) in base 7?
-4560530
8e3f0 (base 16) to base 10
582640
What is 60440152 (base 7) in base 9?
10387571
Convert -412433 (base 5) to base 11.
-a157
Convert 30303013 (base 5) to base 3.
110101212222
What is -72387 (base 11) in base 3?
-12100212101
-5956e (base 16) to base 11
-22aa28
Convert 6ba16 (base 13) to base 5.
22302432
What is 63245 (base 11) in base 16?
167e2
Convert 1310331321 (base 4) to base 11.
2a7a53
Convert 16466344 (base 7) to base 12.
659764
438579 (base 12) to base 4
10011300231
Convert 10504132 (base 6) to base 11.
1a924a
-3444322 (base 5) to base 4
-33033332
Convert 757a1a (base 12) to base 13.
50124a
Convert -e680 (base 15) to base 8.
-137120
What is -283524 (base 14) in base 10?
-1392220
What is 128070 (base 12) in base 4?
1022101110
Convert -1010101000110010000 (base 2) to base 8.
-1250620
-14621755 (base 8) to base 5
-1324222113
Convert 303310 (base 4) to base 10.
3316
What is 101011101110011011 (base 2) in base 4?
223232123
868451 (base 10) to base 3
1122010021212
What is 1100110000111010111 (base 2) in base 3?
210020202020
What is -23a913 (base 11) in base 12?
-1641b2
Convert -360513 (base 10) to base 13.
-c812a
-471153 (base 8) to base 6
-3234231
13115415 (base 6) to base 11
274251
What is -4374 (base 8) in base 6?
-14352
Convert 4046661 (base 9) to base 4.
20032211323
Convert -11b86b3 (base 12) to base 7.
-41363112
Convert 475179 (base 12) to base 14.
21cc0d
What is -2010012000 (base 3) in base 10?
-41688
Convert -29ab7 (base 13) to base 7.
-445356
Convert 937959 (base 10) to base 13.
26ac09
-17a40a (base 14) to base 7
-10045213
122121144 (base 5) to base 11
368854
What is -26637 (base 13) in base 14?
-1c016
Convert -17695 (base 15) to base 8.
-223734
What is b5ea9 (base 15) in base 2?
10001100111000100011
What is 2809d (base 14) in base 4?
120021223
What is 2cfaf (base 16) in base 8?
547657
What is 153b07 (base 16) in base 11?
87039a
Convert 244334543 (base 6) to base 10.
4693887
Convert 1077421 (base 8) to base 4.
1013330101
Convert 2061210 (base 8) to base 7.
4446035
Convert 7020812 (base 9) to base 4.
32033211230
-2300023123 (base 4) to base 5
-141043002
Convert 55001455 (base 8) to base 16.
b4032d
What is -102101022012 (base 3) in base 8?
-665430
-2531300 (base 6) to base 5
-13331104
Convert -110562 (base 9) to base 6.
-1225515
Convert -7040702 (base 9) to base 6.
-212150432
-4720202 (base 8) to base 11
-7a9440
Convert 77070 (base 8) to base 5.
2013222
-654360 (base 11) to base 6
-34223104
233441344 (base 5) to base 16
1071dc
Convert -11010200121 (base 3) to base 15.
-191d1
What is -47154275 (base 8) in base 5?
-10112412401
Convert 92656 (base 10) to base 9.
151081
What is -445740 (base 8) in base 10?
-150496
Convert -b42d (base 16) to base 6.
-553313
-4036665 (base 8) to base 3
-2000002001020
Convert 10a940 (base 12) to base 16.
414c0
Convert 715797 (base 10) to base 13.
1c0a64
Convert -120367 (base 9) to base 15.
-1671a
-220112200012 (base 3) to base 6
-14204305
Convert -243340411 (base 5) to base 3.
-2011120002010
What is 1003443213 (base 5) in base 8?
7540311
Convert -20111012221 (base 3) to base 13.
-461aa
751b0 (base 12) to base 3
21211100020
Convert -112020111101 (base 3) to base 6.
-10001401
4330356 (base 9) to base 15
30d3e3
74d916 (base 15) to base 16
54e68e
What is -2231131021 (base 4) in base 2?
-10101101011101001001
What is 32c256 (base 13) in base 2?
100100100011011001110
1070416 (base 10) to base 16
105550
Convert -646aff (base 16) to base 12.
-225453b
248714 (base 9) to base 11
a329a
-645954 (base 11) to base 2
-11111100000111100001
W